ne t(2).
37
Let l(h) = -h**3 + 115*h**2 - 2569*h - 11228. Determine l(82).
6
Let d(x) = -43*x**2 - 518*x - 396. What is d(-10)?
484
Let w(v) = 19941*v + 59772. Calculate w(-3).
-51
Let w(k) = k**3 + 5*k**2 - 347*k + 1304. What is w(-23)?
-237
Let o(c) = -c**2 + 79958*c + 319845. Calculate o(-4).
-3
Let j(x) = -904*x + 7067. What is j(5)?
2547
Let s(i) = 91*i**2 + 466*i - 2. Calculate s(-5).
-57
Let k(d) = -d**3 + 54*d**2 - 363*d - 20. Calculate k(8).
20
Let n(o) = o**3 + 40*o**2 + 411*o + 313. Calculate n(-15).
-227
Let h(t) = -t**2 - 150013*t - 2399959. Calculate h(-16).
-7
Let g(z) = -11*z**2 - 345*z - 2507. What is g(-20)?
-7
Let m(p) = 2*p**2 + 178*p + 3857. Determine m(-47).
-91
Let x(m) = 13*m**2 - 1273*m - 7817. What is x(-6)?
289
Let i(f) = 40828*f + 653251. Calculate i(-16).
3
Let k(y) = 443719*y - 443694. Calculate k(1).
25
Let h(v) = 5919*v + 5924. What is h(-1)?
5
Let r(c) = 281334*c + 1969400. What is r(-7)?
62
Let t(a) = -47996*a - 287972. Determine t(-6).
4
Let l(t) = 3*t**2 + 23867*t - 167191. What is l(7)?
25
Let u(w) = w**3 - 22*w**2 + 743*w - 16507. Calculate u(22).
-161
Let h(p) = 2*p**2 - 4206*p + 37501. Determine h(9).
-191
Let p(i) = 670*i + 432. Give p(-1).
-238
Let p(l) = 28*l - 1754. Calculate p(64).
38
Let j(d) = -d**2 - 49*d + 3961. Calculate j(-93).
-131
Let i(b) = 5886*b + 41069. Determine i(-7).
-133
Let y(t) = -4*t**2 - 14198*t - 212095. Calculate y(-15).
-25
Let z(g) = -g**3 + 45*g**2 - 499*g + 21. What is z(28)?
-623
Let u(j) = 4052*j - 154140. Determine u(38).
-164
Let i(b) = -56*b**2 - 9692*b - 757. Calculate i(-173).
-65
Let r(i) = 2293*i + 41274. Calculate r(-18).
0
Let v(s) = -8*s**3 - 55*s**2 - 294*s - 1822. Calculate v(-8).
1106
Let h(t) = 429*t + 96456. Calculate h(-225).
-69
Let j(p) = 36*p**3 - 182*p**2 + 11*p - 10. Calculate j(5).
-5
Let k(c) = -3142445*c - 12569781. What is k(-4)?
-1
Let h(a) = 2*a**2 + 9121*a + 63724. Give h(-7).
-25
Let n(u) = -u**3 + 16*u**2 - 234*u + 1368. Determine n(8).
8
Let o(j) = -14*j**3 - 405*j**2 + 36*j + 211. Calculate o(-29).
8
Let i(o) = 305*o + 5813. Give i(-19).
18
Let n(u) = 1515*u + 174252. What is n(-115)?
27
Let w(s) = 11051*s - 486418. What is w(44)?
-174
Let m(q) = -3586*q + 197216. What is m(55)?
-14
Let w(m) = -m**3 + 1444*m**2 + 21899*m + 210. What is w(-15)?
0
Let m(q) = -2*q**2 - 74*q - 1218. Give m(-21).
-546
Let r(n) = n**3 + 34*n**2 + 231*n + 156. Give r(-8).
-28
Let c(k) = k**3 - 57*k**2 + 99*k - 269. What is c(55)?
-874
Let d(c) = 907*c**2 + 29022*c - 68. Determine d(-32).
-4
Let b(j) = -2*j**3 + 97*j**2 - 226*j - 527. Give b(46).
-343
Let y(n) = n**2 - 2080*n - 217999. Determine y(-100).
1
Let j(g) = -2750*g**2 + 134*g + 13. Determine j(-1).
-2871
Let z(k) = -1754*k - 1995. Give z(-2).
1513
Let j(x) = -25629*x + 203702. Determine j(8).
-1330
Let t(i) = i**2 + 3011*i + 38989. Give t(-13).
15
Let a(m) = -m**3 - 9*m**2 + 136970*m - 821282. Determine a(6).
-2
Let b(i) = i**2 - 1449*i - 188252. What is b(-120)?
28
Let i(n) = n**3 + 26*n**2 - 11*n - 371. Give i(-26).
-85
Let b(a) = a**2 - 408301*a + 13472851. Give b(33).
7
Let x(w) = 2*w**3 - 3*w**2 - 106*w - 219. Determine x(-2).
-35
Let z(m) = -27*m**3 - 9*m**2 + 28*m + 1. What is z(3)?
-725
Let f(c) = -2*c**3 + 3*c**2 + 29*c - 81. Calculate f(5).
-111
Let w(g) = -3*g**2 + 71*g - 711. Calculate w(24).
-735
Let j(w) = -4*w**3 - 75*w**2 + 181*w - 234. What is j(-21)?
-66
Let a(d) = d**3 + 14*d**2 - 47*d - 729. Calculate a(-7).
-57
Let s(i) = -32*i**3 + 190*i**2 - 36*i + 273. Give s(6).
-15
Let a(v) = -2*v**3 + 5*v**2 - 10*v - 45. Give a(-5).
380
Let w(o) = 7133*o - 35851. Give w(5).
-186
Let d(g) = 2*g**2 + 9948*g - 290084. What is d(29)?
90
Let i(h) = -h**2 + 98*h - 3196. Give i(26).
-1324
Let k(x) = 92*x**3 - 137*x**2 - 2995*x + 6. What is k(-5)?
56
Let m(j) = j**3 - 56*j**2 + 174*j - 59. Give m(53).
736
Let v(f) = 16*f**2 + 2608*f - 18171. Determine v(7).
869
Let o(m) = -5*m**3 - m**2 + 336*m - 2263. Give o(0).
-2263
Let s(b) = 4*b**3 + 9*b**2 - 50*b + 26. What is s(6)?
914
Let o(d) = 5*d**3 - 31*d**2 + 149*d - 584. Give o(5).
11
Let l(i) = i**3 + 615*i**2 + 76197*i + 169. What is l(-172)?
-3
Let v(w) = w**2 - 33*w - 27785. Determine v(184).
-1
Let c(q) = -q**3 + 171*q**2 - 177*q + 1194. What is c(170)?
4
Let s(z) = 2*z**3 + 181*z**2 - 108*z - 544. What is s(-91)?
1003
Let t(f) = -146245*f + 1901190. Determine t(13).
5
Let l(x) = -1099*x - 226669. What is l(-204)?
-2473
Let s(i) = -i**3 - 21*i**2 - 3*i - 14. Calculate s(-5).
-399
Let u(z) = -14*z**3 - 48*z**2 - 593*z - 2503. Give u(-4).
-3
Let q(v) = -23688*v**2 + 994898*v - 95. Determine q(42).
-11
Let n(b) = -303*b + 5373. What is n(17)?
222
Let y(g) = g**3 - 21*g**2 - 545*g + 1936. Calculate y(35).
11
Let w(p) = p**3 + 10*p**2 - 296*p - 133. Give w(-23).
-202
Let l(x) = -2*x**2 + 212*x - 1821. What is l(99)?
-435
Let s(o) = 61*o**2 + 8394*o - 90035. Determine s(10).
5
Let v(b) = -81*b**2 - 3084*b + 22. Give v(-38).
250
Let p(a) = 186667*a - 8213344. Determine p(44).
4
Let i(y) = -y**3 + 17*y**2 - 22862*y + 319484. Calculate i(14).
4
Let f(l) = -116*l**2 - 749*l - 107. Give f(-6).
211
Let v(b) = 17497*b - 1942172. Give v(111).
-5
Let a(f) = -f**2 + 156*f + 9889. What is a(-41)?
1812
Let r(u) = -674*u - 2806. Determine r(-5).
564
Let h(c) = -c**2 - 19039*c + 114269. Determine h(6).
-1
Let m(g) = 36*g**2 + 138*g - 211. Calculate m(-5).
-1
Let s(l) = -l**3 - 3*l**2 - 321*l - 6659. Determine s(-14).
-9
Let b(q) = -133188*q + 2131064. Determine b(16).
56
Let h(v) = v**2 - 210*v + 10837. Determine h(91).
8
Let l(s) = -2*s**3 + 46*s**2 - 71*s - 1058. What is l(-4)?
90
Let w(o) = 305*o**2 + 1831*o - 26. Calculate w(-6).
-32
Let u(y) = 44168*y - 309151. Determine u(7).
25
Let j(q) = q**2 + 553*q - 19553. Calculate j(33).
-215
Let u(g) = -3*g**2 - 695*g - 32953. What is u(-64)?
-761
Let m(y) = 14*y**3 - 1176*y**2 + 3*y - 154. What is m(84)?
98
Let b(r) = -2*r**3 - 451*r**2 + 334*r + 24396. Calculate b(-226).
-12
Let a(z) = -2*z**3 + 91*z**2 - 359*z + 2845. Determine a(42).
115
Let f(z) = 19*z**2 - 10*z + 21. Give f(-7).
1022
Let b(l) = -2*l**3 + 266*l**2 - 9*l + 1204. Give b(133).
7
Let q(t) = -2*t**3 - 199*t**2 + 1043*t + 94306. What is q(-100)?
6
Let k(d) = -d**2 - 515*d - 32651. What is k(-73)?
-385
Let v(k) = 6322*k + 12694. What is v(-2)?
50
Let r(b) = -2*b**2 - 215*b + 1635. What is r(7)?
32
Let f(t) = t**3 - 466*t**2 - 9181*t - 261949. Give f(486).
5
Let c(w) = -5652*w - 33892. Calculate c(-6).
20
Let x(a) = -a**3 - 75*a**2 + 69*a - 1341. Determine x(-76).
-809
Let s(l) = 61*l**3 + 7444*l**2 + 244*l + 57. Give s(-122).
57
Let c(b) = -11*b**2 + 618*b - 4739. What is c(47)?
8
Let y(w) = 3697*w + 18507. Determine y(-5).
22
Let y(t) = -t**2 - 195*t + 2082. Determine y(-205).
32
Let t(o) = -o**2 + 888*o - 45841. Determine t(55).
-26
Let v(x) = 177617*x + 532783. Calculate v(-3).
-68
Let t(k) = -k**2 - 126*k - 3932. Calculate t(-56).
-12
Let y(x) = x**3 + 252*x**2 - 25*x - 5807. Give y(-252).
493
Let m(g) = -g**2 + 2035*g - 579026. What is m(342)?
-20
Let o(t) = 8369*t - 33225. Give o(4).
251
Let m(b) = -7*b**3 + 3*b**2 + 518*b + 1641. Calculate m(-4).
65
Let h(j) = j**3 + 83*j**2 + 274*j + 3107. Give h(-80).
387
Let m(s) = -67*s**3 - 11*s**2 - 111*s + 284. Determine m(2).
-518
Let g(h) = -4*h**2 - 60*h - 619. Give g(-15).
-619
Let x(g) = -182*g + 9374. Determine x(55).
-636
Let a(r) = -16*r**2 - 4235*r + 1302. Determine a(-265).
-23
Let o(a) = 2*a**2 - 180*a - 320. Calculate o(92).
48
Let p(n) = 2*n**3 - 211*n**2 + 5068*n + 22. Calculate p(37).
-15
Let t(k) = k**2 - 108692*k + 6952196. Give t(64).
4
Let f(z) = -z**3 - 290*z**2 - 1904*z + 99245. Give f(-282).
-19
Let w(h) = 46387*h - 463904. Calculate w(10).
-34
Let m(t) = t**2 + 279*t + 13690. Determine m(-64).
-70
Let b(k) = 6*k**3 + 103*k**2 + 207*k + 3276. Determine b(-17).
46
Let o(d) = 3*d**3 + 32*d**2 - 146*d - 1298. Determine o(-12).
-122
Let t(u) = -25*u**2 - 1087*u + 791. Calculate t(-42).
2345
Let g(d) = -91*d**2 - 508*d - 11. What is g(-5)?
254
Let h(w) = 43*w**2 + 95*w - 223. Give h(2).
139
Let v(o) = 4*o**2 + 61*o + 57. What is v(-14)?
-13
Let i(r) = 637*r + 39572. Calculate i(-62).
78
Let h(a) = 29*a**2 + 1868*a + 3739. Give h(-2).
119
Let g(w) = 57778*w + 57729. Calculate g(-1).
-49
Let 